{"id":4674,"date":"2026-04-27T14:48:10","date_gmt":"2026-04-27T14:48:10","guid":{"rendered":"https:\/\/2026.tellme-symp.org\/?page_id=4674"},"modified":"2026-05-12T20:54:41","modified_gmt":"2026-05-12T20:54:41","slug":"ricardo-alexino-ferreira","status":"publish","type":"page","link":"https:\/\/2026.tellme-symp.org\/index.php\/ricardo-alexino-ferreira\/","title":{"rendered":"Ricardo Alexino Ferreira"},"content":{"rendered":"\n<figure class=\"wp-block-image size-large is-resized\"><img loading=\"lazy\" decoding=\"async\" width=\"1024\" height=\"1024\" src=\"https:\/\/2026.tellme-symp.org\/wp-content\/uploads\/2026\/04\/Sem-titulo-1-5-2-1024x1024.png\" alt=\"\" class=\"wp-image-4675\" style=\"width:396px;height:auto\" srcset=\"https:\/\/2026.tellme-symp.org\/wp-content\/uploads\/2026\/04\/Sem-titulo-1-5-2-1024x1024.png 1024w, https:\/\/2026.tellme-symp.org\/wp-content\/uploads\/2026\/04\/Sem-titulo-1-5-2-300x300.png 300w, https:\/\/2026.tellme-symp.org\/wp-content\/uploads\/2026\/04\/Sem-titulo-1-5-2-150x150.png 150w, https:\/\/2026.tellme-symp.org\/wp-content\/uploads\/2026\/04\/Sem-titulo-1-5-2-768x768.png 768w, https:\/\/2026.tellme-symp.org\/wp-content\/uploads\/2026\/04\/Sem-titulo-1-5-2-400x400.png 400w, https:\/\/2026.tellme-symp.org\/wp-content\/uploads\/2026\/04\/Sem-titulo-1-5-2.png 1080w\" sizes=\"auto, (max-width: 1024px) 100vw, 1024px\" \/><\/figure>\n\n\n\n<div style=\"height:40px\" aria-hidden=\"true\" class=\"wp-block-spacer\"><\/div>\n\n\n\n<h2 class=\"wp-block-heading\">Ricardo Alexino Ferreira<\/h2>\n\n\n\n<p class=\"has-black-color has-text-color has-link-color wp-elements-1 wp-block-paragraph\"><strong>Divulga\u00e7\u00e3o da Ci\u00eancia na \u2018Mem\u00f3ria do Eu\u2019 de cientistas e jornalistas:&nbsp;<em>Diversidade em Ci\u00eancia<\/em>&nbsp;(R\u00e1dio USP, Brasil) &nbsp;como estudo de caso<\/strong><\/p>\n\n\n\n<p class=\"has-black-color has-text-color has-link-color wp-elements-2 wp-block-paragraph\">O paradigma Positivista de Augusto Comte, do final do s\u00e9culo 19, enfatizava conceitos como objetividade, imparcialidade, neutralidade e &nbsp;objetividade como elementos imprescind\u00edveis para as Ci\u00eancias e, mais tarde, o Jornalismo tamb\u00e9m utilizaria este tipo de princ\u00edpio.<\/p>\n\n\n\n<p class=\"has-black-color has-text-color has-link-color wp-elements-3 wp-block-paragraph\">Estes tipos dos paradigmas positivistas se encontraram com muita efici\u00eancia nas Se\u00e7\u00f5es Cient\u00edficas dos jornais no final do s\u00e9culo 19, principalmente com as Teorias Raciais da \u00e9poca, em que cientistas e jornalistas retroalimentavam aquilo que chamariam como verdades incontestes.<\/p>\n\n\n\n<p class=\"has-black-color has-text-color has-link-color wp-elements-4 wp-block-paragraph\">Durante o s\u00e9culo 20 come\u00e7a-se o processo de desconstru\u00e7\u00e3o do Positivismo, como a Teoria da Relatividade de Einstein, a Psican\u00e1lise de Freud e a Psicologia Anal\u00edtica de Jung.<\/p>\n\n\n\n<p class=\"has-black-color has-text-color has-link-color wp-elements-5 wp-block-paragraph\">Como jornalista e cientista, na pragm\u00e1tica da divulga\u00e7\u00e3o cient\u00edfica\/jornalismo cient\u00edfico tenho constato que Ci\u00eancias e Jornalismo muito mais que motivados pela objetividade s\u00e3o estimulados pela subjetividade.<\/p>\n\n\n\n<p class=\"has-black-color has-text-color has-link-color wp-elements-6 wp-block-paragraph\">O programa radiof\u00f4nico &nbsp;de entrevistas Diversidade em Ci\u00eancia, veiculado na R\u00e1dio USP, da Universidade de S\u00e3o Paulo, Brasil, &nbsp;permite observar que o cientista quando fala de sua pesquisa, mesmo quando b\u00e1sica, ele narra muito mais sobre si mesmo do que sobre dados frios e distantes.<\/p>\n\n\n\n<p class=\"has-black-color has-text-color has-link-color wp-elements-7 wp-block-paragraph\">O&nbsp;<em>Diversidade em Ci\u00eancia<\/em>&nbsp;est\u00e1 no ar desde 2015. Nestes onze anos foram mais de 400 horas de entrevistas veiculadas. Tais percep\u00e7\u00f5es s\u00e3o observadas atrav\u00e9s da Mem\u00f3ria do Eu. Neste fen\u00f4meno, jornalista e cientista constroem narrativas travestidas de objetividades.<\/p>\n\n\n\n<div style=\"height:100px\" aria-hidden=\"true\" class=\"wp-block-spacer\"><\/div>\n\n\n\n<p class=\"has-black-color has-text-color has-link-color wp-elements-8 wp-block-paragraph\"><strong>Short cv<\/strong><\/p>\n\n\n\n<p class=\"has-black-color has-text-color has-link-color wp-elements-9 wp-block-paragraph\">Ricardo Alexino Ferreira is a journalist and Associate Professor (Habilitation) at the School of Communications and Arts of the University of S\u00e3o Paulo (USP), where he also serves as a permanent faculty member in the Graduate Programme in Humanities, Rights and Other Legitimacies. He holds a PhD (2001) and an MA (1993) in Communication Sciences from the same institution, and a degree in Social Communication (Journalism).<\/p>\n\n\n\n<p class=\"has-black-color has-text-color has-link-color wp-elements-10 wp-block-paragraph\">He is the leader of the research group <em>Scientific and Specialised Midiology<\/em> (CNPq).<\/p>\n\n\n\n<p class=\"has-black-color has-text-color has-link-color wp-elements-11 wp-block-paragraph\">He is the director, producer and host of the interview programme \u201cDiversidade em Ci\u00eancia\u201d (R\u00e1dio USP, Brazil), where he contributes to the dissemination of scientific knowledge and public engagement with issues of diversity and society.<\/p>\n\n\n\n<p class=\"wp-block-paragraph\"><a href=\"https:\/\/jornal.usp.br\/radio-usp\/programas\/diversidade-em-ciencia\/\" target=\"_blank\" rel=\"noopener\">Diversidade em Ci\u00eancia<\/a><\/p>\n\n\n\n<p class=\"wp-block-paragraph\"><a href=\"http:\/\/lattes.cnpq.br\/5067045754100217\" target=\"_blank\" rel=\"noopener\">CV Ricardo Alexino Ferreira<\/a><\/p>\n","protected":false},"excerpt":{"rendered":"<p>Ricardo Alexino Ferreira Divulga\u00e7\u00e3o da Ci\u00eancia na \u2018Mem\u00f3ria do Eu\u2019 de cientistas e jornalistas:&nbsp;Diversidade em Ci\u00eancia&nbsp;(R\u00e1dio USP, Brasil) &nbsp;como estudo de caso O paradigma Positivista de Augusto Comte, do final do s\u00e9culo 19, enfatizava conceitos como objetividade, imparcialidade, neutralidade e &nbsp;objetividade como elementos imprescind\u00edveis para as Ci\u00eancias e, mais tarde, o Jornalismo tamb\u00e9m utilizaria este&#8230; <\/p>\n<div class=\"clear\"><\/div>\n<p><a href=\"https:\/\/2026.tellme-symp.org\/index.php\/ricardo-alexino-ferreira\/\" class=\"gdlr-info-font excerpt-read-more\">Read More<\/a><\/p>\n","protected":false},"author":1,"featured_media":0,"parent":0,"menu_order":0,"comment_status":"closed","ping_status":"closed","template":"","meta":{"footnotes":""},"class_list":["post-4674","page","type-page","status-publish","hentry"],"_links":{"self":[{"href":"https:\/\/2026.tellme-symp.org\/index.php\/wp-json\/wp\/v2\/pages\/4674","targetHints":{"allow":["GET"]}}],"collection":[{"href":"https:\/\/2026.tellme-symp.org\/index.php\/wp-json\/wp\/v2\/pages"}],"about":[{"href":"https:\/\/2026.tellme-symp.org\/index.php\/wp-json\/wp\/v2\/types\/page"}],"author":[{"embeddable":true,"href":"https:\/\/2026.tellme-symp.org\/index.php\/wp-json\/wp\/v2\/users\/1"}],"replies":[{"embeddable":true,"href":"https:\/\/2026.tellme-symp.org\/index.php\/wp-json\/wp\/v2\/comments?post=4674"}],"version-history":[{"count":10,"href":"https:\/\/2026.tellme-symp.org\/index.php\/wp-json\/wp\/v2\/pages\/4674\/revisions"}],"predecessor-version":[{"id":4749,"href":"https:\/\/2026.tellme-symp.org\/index.php\/wp-json\/wp\/v2\/pages\/4674\/revisions\/4749"}],"wp:attachment":[{"href":"https:\/\/2026.tellme-symp.org\/index.php\/wp-json\/wp\/v2\/media?parent=4674"}],"curies":[{"name":"wp","href":"https:\/\/api.w.org\/{rel}","templated":true}]}}

<figure class="wp-block-image size-large is-resized"><img loading="lazy" decoding="async" width="1024" height="1024" src="https://2026.tellme-symp.org/wp-content/uploads/2026/04/Sem-titulo-1-5-2-1024x1024.png" alt="" class="wp-image-4675" style="width:396px;height:auto" srcset="https://2026.tellme-symp.org/wp-content/uploads/2026/04/Sem-titulo-1-5-2-1024x1024.png 1024w, https://2026.tellme-symp.org/wp-content/uploads/2026/04/Sem-titulo-1-5-2-300x300.png 300w, https://2026.tellme-symp.org/wp-content/uploads/2026/04/Sem-titulo-1-5-2-150x150.png 150w, https://2026.tellme-symp.org/wp-content/uploads/2026/04/Sem-titulo-1-5-2-768x768.png 768w, https://2026.tellme-symp.org/wp-content/uploads/2026/04/Sem-titulo-1-5-2-400x400.png 400w, https://2026.tellme-symp.org/wp-content/uploads/2026/04/Sem-titulo-1-5-2.png 1080w" sizes="auto, (max-width: 1024px) 100vw, 1024px" /></figure>



<div style="height:40px" aria-hidden="true" class="wp-block-spacer"></div>



<h2 class="wp-block-heading">Ricardo Alexino Ferreira</h2>



<p class="has-black-color has-text-color has-link-color wp-elements-1 wp-block-paragraph"><strong>Divulgação da Ciência na ‘Memória do Eu’ de cientistas e jornalistas:&nbsp;<em>Diversidade em Ciência</em>&nbsp;(Rádio USP, Brasil) &nbsp;como estudo de caso</strong></p>



<p class="has-black-color has-text-color has-link-color wp-elements-2 wp-block-paragraph">O paradigma Positivista de Augusto Comte, do final do século 19, enfatizava conceitos como objetividade, imparcialidade, neutralidade e &nbsp;objetividade como elementos imprescindíveis para as Ciências e, mais tarde, o Jornalismo também utilizaria este tipo de princípio.</p>



<p class="has-black-color has-text-color has-link-color wp-elements-3 wp-block-paragraph">Estes tipos dos paradigmas positivistas se encontraram com muita eficiência nas Seções Científicas dos jornais no final do século 19, principalmente com as Teorias Raciais da época, em que cientistas e jornalistas retroalimentavam aquilo que chamariam como verdades incontestes.</p>



<p class="has-black-color has-text-color has-link-color wp-elements-4 wp-block-paragraph">Durante o século 20 começa-se o processo de desconstrução do Positivismo, como a Teoria da Relatividade de Einstein, a Psicanálise de Freud e a Psicologia Analítica de Jung.</p>



<p class="has-black-color has-text-color has-link-color wp-elements-5 wp-block-paragraph">Como jornalista e cientista, na pragmática da divulgação científica/jornalismo científico tenho constato que Ciências e Jornalismo muito mais que motivados pela objetividade são estimulados pela subjetividade.</p>



<p class="has-black-color has-text-color has-link-color wp-elements-6 wp-block-paragraph">O programa radiofônico &nbsp;de entrevistas Diversidade em Ciência, veiculado na Rádio USP, da Universidade de São Paulo, Brasil, &nbsp;permite observar que o cientista quando fala de sua pesquisa, mesmo quando básica, ele narra muito mais sobre si mesmo do que sobre dados frios e distantes.</p>



<p class="has-black-color has-text-color has-link-color wp-elements-7 wp-block-paragraph">O&nbsp;<em>Diversidade em Ciência</em>&nbsp;está no ar desde 2015. Nestes onze anos foram mais de 400 horas de entrevistas veiculadas. Tais percepções são observadas através da Memória do Eu. Neste fenômeno, jornalista e cientista constroem narrativas travestidas de objetividades.</p>



<div style="height:100px" aria-hidden="true" class="wp-block-spacer"></div>



<p class="has-black-color has-text-color has-link-color wp-elements-8 wp-block-paragraph"><strong>Short cv</strong></p>



<p class="has-black-color has-text-color has-link-color wp-elements-9 wp-block-paragraph">Ricardo Alexino Ferreira is a journalist and Associate Professor (Habilitation) at the School of Communications and Arts of the University of São Paulo (USP), where he also serves as a permanent faculty member in the Graduate Programme in Humanities, Rights and Other Legitimacies. He holds a PhD (2001) and an MA (1993) in Communication Sciences from the same institution, and a degree in Social Communication (Journalism).</p>



<p class="has-black-color has-text-color has-link-color wp-elements-10 wp-block-paragraph">He is the leader of the research group <em>Scientific and Specialised Midiology</em> (CNPq).</p>



<p class="has-black-color has-text-color has-link-color wp-elements-11 wp-block-paragraph">He is the director, producer and host of the interview programme “Diversidade em Ciência” (Rádio USP, Brazil), where he contributes to the dissemination of scientific knowledge and public engagement with issues of diversity and society.</p>



<p class="wp-block-paragraph"><a href="https://jornal.usp.br/radio-usp/programas/diversidade-em-ciencia/" target="_blank" rel="noopener">Diversidade em Ciência</a></p>



<p class="wp-block-paragraph"><a href="http://lattes.cnpq.br/5067045754100217" target="_blank" rel="noopener">CV Ricardo Alexino Ferreira</a></p>

<p>Ricardo Alexino Ferreira Divulgação da Ciência na ‘Memória do Eu’ de cientistas e jornalistas:&nbsp;Diversidade em Ciência&nbsp;(Rádio USP, Brasil) &nbsp;como estudo de caso O paradigma Positivista de Augusto Comte, do final do século 19, enfatizava conceitos como objetividade, imparcialidade, neutralidade e &nbsp;objetividade como elementos imprescindíveis para as Ciências e, mais tarde, o Jornalismo também utilizaria este&#8230; </p>
<div class="clear"></div>
<p><a href="https://2026.tellme-symp.org/index.php/ricardo-alexino-ferreira/" class="gdlr-info-font excerpt-read-more">Read More</a></p>
